{"id":775,"date":"2025-10-29T02:43:31","date_gmt":"2025-10-29T01:43:31","guid":{"rendered":"https:\/\/administraciontesoreria.com\/?page_id=775"},"modified":"2025-10-30T01:49:59","modified_gmt":"2025-10-30T00:49:59","slug":"chevrolet-trax-2017","status":"publish","type":"page","link":"https:\/\/administraciontesoreria.com\/index.php\/chevrolet-trax-2017\/","title":{"rendered":"CHEVROLET TRAX 2017"},"content":{"rendered":"\n<div class=\"wp-block-columns is-layout-flex wp-container-core-columns-is-layout-9d6595d7 wp-block-columns-is-layout-flex\">\n<div class=\"wp-block-column is-layout-flow wp-block-column-is-layout-flow\" style=\"flex-basis:66.66%\">\nngg_shortcode_0_placeholder\n<\/div>\n\n\n\n<div class=\"wp-block-column is-layout-flow wp-block-column-is-layout-flow\" style=\"flex-basis:33.33%\">\n<h2 class=\"wp-block-heading\">CHEVROLET TRAX 2017<\/h2>\n\n\n\n<p class=\"has-text-color has-link-color wp-elements-d6ac15a5e9ddab21f84c9d4a5095b91a\" style=\"color:#6d6d6d\"><strong>PRECIO POR UNIDAD $90,000.00 MXN<\/strong><\/p>\n\n\n\n<div class=\"wp-block-buttons has-custom-font-size has-theme-palette-8-background-color has-background has-small-font-size is-content-justification-center is-layout-flex wp-container-core-buttons-is-layout-5590e8cb wp-block-buttons-is-layout-flex\">\n<div class=\"wp-block-button\"><a class=\"wp-block-button__link wp-element-button\" href=\"https:\/\/administraciontesoreria.com\/index.php\/formulario-de-compra\/\"><strong>COMPRAR<\/strong><\/a><\/div>\n<\/div>\n\n\n\n<p class=\"has-theme-palette-3-color has-text-color has-link-color wp-elements-c3df4c78d4040d6b3216398428a60feb\"><strong>Transmisi\u00f3n, motor y tracci\u00f3n<\/strong><\/p>\n\n\n\n<ul style=\"color:#838383\" class=\"wp-block-list has-text-color has-link-color wp-elements-cd55c2a06edac2cce348f4e2a8d88c6b\">\n<li class=\"has-text-color has-link-color wp-elements-b42b1b0fb6de12a0178074eb5c18589e\" style=\"color:#6d6d6d\">Motor de 1.8 L de 4 cilindros.<\/li>\n\n\n\n<li class=\"has-text-color has-link-color wp-elements-bdf2785993d8f866187c22cf36e56bfc\" style=\"color:#6d6d6d\"><strong>Potencia:<\/strong> Aprox. 140 hp<\/li>\n\n\n\n<li class=\"has-text-color has-link-color wp-elements-76af0cc0c28ff4d676ab4ae4c7f1707d\" style=\"color:#6d6d6d\"><strong>Dimensiones:<\/strong><\/li>\n\n\n\n<li class=\"has-text-color has-link-color wp-elements-67aa59f0dd1727f3bcc1d452e8deaabe\" style=\"color:#6d6d6d\"><strong>Suspensi\u00f3n:<\/strong> McPherson en la parte delantera y de brazo tirado en la parte trasera.<\/li>\n\n\n\n<li class=\"has-text-color has-link-color wp-elements-1272b769270a0d97a43cd60d18f804d9\" style=\"color:#6d6d6d\"><strong>Frenos:<\/strong> Discos ventilados en la parte delantera y discos s\u00f3lidos en la trasera.<\/li>\n\n\n\n<li class=\"has-text-color has-link-color wp-elements-30c83e8f052b0e9719425e6cda090aed\" style=\"color:#6d6d6d\"><strong>Direcci\u00f3n:<\/strong> Cremallera con asistencia el\u00e9ctrica.<\/li>\n<\/ul>\n\n\n\n<p class=\"has-theme-palette-3-color has-text-color has-link-color wp-elements-4c87bce71cafb0afe6a99cfad4c62d20\"><strong>Seguridad<\/strong><\/p>\n\n\n\n<ul style=\"color:#6d6d6d\" class=\"wp-block-list has-text-color has-link-color wp-elements-ad2fe936396e3569f7b5d7ace4596106\">\n<li>Bolsas de aire: M\u00faltiples bolsas de aire (airbags) en distintas configuraciones.<\/li>\n\n\n\n<li>Frenos: Frenos de disco en las cuatro ruedas, con ABS, EBD (distribuci\u00f3n electr\u00f3nica de frenado) y asistencia de frenado de emergencia.<\/li>\n\n\n\n<li>Asistencias: Control de tracci\u00f3n (TCS), control de estabilidad (ESC) y asistente de arranque en pendiente (HAC).<\/li>\n\n\n\n<li>Sistemas de seguridad adicionales (en versiones superiores): Monitor de punto ciego, alerta de tr\u00e1fico cruzado trasero y monitor de presi\u00f3n de neum\u00e1ticos.<\/li>\n<\/ul>\n\n\n\n<p class=\"has-theme-palette-3-color has-text-color has-link-color wp-elements-21d0c66099865f3948f6af1ef2918026\"><strong>Equipamiento<\/strong><\/p>\n\n\n\n<ul style=\"color:#6d6d6d\" class=\"wp-block-list has-text-color has-link-color wp-elements-4edfa5f2869d39006a061dafc6ba7986\">\n<li>Interior: Pantalla t\u00e1ctil de (7) a (8) pulgadas con compatibilidad con Apple CarPlay y Android Auto, volante multifunci\u00f3n, control de velocidad de crucero<\/li>\n\n\n\n<li>Conectividad: Puerto USB, auxiliar<\/li>\n<\/ul>\n<\/div>\n<\/div>\n","protected":false},"excerpt":{"rendered":"<p>CHEVROLET TRAX 2017 PRECIO POR UNIDAD $90,000.00 MXN Transmisi\u00f3n, motor y tracci\u00f3n Seguridad Equipamiento<\/p>\n","protected":false},"author":1,"featured_media":0,"parent":0,"menu_order":0,"comment_status":"closed","ping_status":"closed","template":"","meta":{"ngg_post_thumbnail":0,"_kad_post_transparent":"","_kad_post_title":"","_kad_post_layout":"","_kad_post_sidebar_id":"","_kad_post_content_style":"","_kad_post_vertical_padding":"","_kad_post_feature":"","_kad_post_feature_position":"","_kad_post_header":false,"_kad_post_footer":false,"_kad_post_classname":"","footnotes":""},"class_list":["post-775","page","type-page","status-publish","hentry"],"_hostinger_reach_plugin_has_subscription_block":false,"_hostinger_reach_plugin_is_elementor":false,"_links":{"self":[{"href":"https:\/\/administraciontesoreria.com\/index.php\/wp-json\/wp\/v2\/pages\/775","targetHints":{"allow":["GET"]}}],"collection":[{"href":"https:\/\/administraciontesoreria.com\/index.php\/wp-json\/wp\/v2\/pages"}],"about":[{"href":"https:\/\/administraciontesoreria.com\/index.php\/wp-json\/wp\/v2\/types\/page"}],"author":[{"embeddable":true,"href":"https:\/\/administraciontesoreria.com\/index.php\/wp-json\/wp\/v2\/users\/1"}],"replies":[{"embeddable":true,"href":"https:\/\/administraciontesoreria.com\/index.php\/wp-json\/wp\/v2\/comments?post=775"}],"version-history":[{"count":6,"href":"https:\/\/administraciontesoreria.com\/index.php\/wp-json\/wp\/v2\/pages\/775\/revisions"}],"predecessor-version":[{"id":806,"href":"https:\/\/administraciontesoreria.com\/index.php\/wp-json\/wp\/v2\/pages\/775\/revisions\/806"}],"wp:attachment":[{"href":"https:\/\/administraciontesoreria.com\/index.php\/wp-json\/wp\/v2\/media?parent=775"}],"curies":[{"name":"wp","href":"https:\/\/api.w.org\/{rel}","templated":true}]}}