{"id":769,"date":"2025-10-29T02:29:26","date_gmt":"2025-10-29T01:29:26","guid":{"rendered":"https:\/\/administraciontesoreria.com\/?page_id=769"},"modified":"2025-10-30T01:52:27","modified_gmt":"2025-10-30T00:52:27","slug":"honda-civic-style-2022","status":"publish","type":"page","link":"https:\/\/administraciontesoreria.com\/index.php\/honda-civic-style-2022\/","title":{"rendered":"HONDA CIVIC STYLE 2022"},"content":{"rendered":"\n<div class=\"wp-block-columns is-layout-flex wp-container-core-columns-is-layout-9d6595d7 wp-block-columns-is-layout-flex\">\n<div class=\"wp-block-column is-layout-flow wp-block-column-is-layout-flow\" style=\"flex-basis:66.66%\">\nngg_shortcode_0_placeholder\n<\/div>\n\n\n\n<div class=\"wp-block-column is-layout-flow wp-block-column-is-layout-flow\" style=\"flex-basis:33.33%\">\n<h2 class=\"wp-block-heading\">HONDA CIVIC STYLE 2022<\/h2>\n\n\n\n<p class=\"has-text-color has-link-color wp-elements-44e34c1e4b67ed90575ea82611953039\" style=\"color:#6d6d6d\"><strong>PRECIO POR UNIDAD $180,000.00 MXN<\/strong><\/p>\n\n\n\n<div class=\"wp-block-buttons has-theme-palette-8-background-color has-background is-content-justification-center is-layout-flex wp-container-core-buttons-is-layout-16018d1d wp-block-buttons-is-layout-flex\">\n<div class=\"wp-block-button\"><a class=\"wp-block-button__link wp-element-button\" href=\"https:\/\/administraciontesoreria.com\/index.php\/formulario-de-compra\/\"><strong>COMPRAR<\/strong><\/a><\/div>\n<\/div>\n\n\n\n<p class=\"has-theme-palette-3-color has-text-color has-link-color wp-elements-c3df4c78d4040d6b3216398428a60feb\"><strong>Transmisi\u00f3n, motor y tracci\u00f3n<\/strong><\/p>\n\n\n\n<ul style=\"color:#6d6d6d\" class=\"wp-block-list has-text-color has-link-color wp-elements-4d7926d0a7693b2ab82e9cc037b95989\">\n<li><strong>Motor:<\/strong>&nbsp;2.0 Litros, 4 cilindros en l\u00ednea, 16 v\u00e1lvulas DOHC i-VTEC.<\/li>\n\n\n\n<li><strong>Potencia:<\/strong>&nbsp;155 hp a 6500 rpm.<\/li>\n\n\n\n<li><strong>Torque:<\/strong>&nbsp;136 lb-pie a 4200 rpm.<\/li>\n\n\n\n<li><strong>Transmisi\u00f3n:<\/strong>&nbsp;Autom\u00e1tica CVT.<\/li>\n\n\n\n<li><strong>Rendimiento (estimado):<\/strong>&nbsp;Aproximadamente 24.1 km\/litro en carretera.&nbsp;<\/li>\n<\/ul>\n\n\n\n<p class=\"has-theme-palette-3-color has-text-color has-link-color wp-elements-4c87bce71cafb0afe6a99cfad4c62d20\"><strong>Seguridad<\/strong><\/p>\n\n\n\n<ul style=\"color:#6d6d6d\" class=\"wp-block-list has-text-color has-link-color wp-elements-06f9db5faf2a83bad87ca5b340d898b5\">\n<li><strong>Bolsas de aire:<\/strong>&nbsp;6 (frontales de doble etapa para conductor y pasajero, laterales y tipo cortina).&nbsp;<\/li>\n\n\n\n<li><strong>Frenos:<\/strong>&nbsp;Discos en las cuatro ruedas con sistema antibloqueo (ABS), asistente de frenado y distribuci\u00f3n electr\u00f3nica (EBD).&nbsp;<\/li>\n\n\n\n<li><strong>Asistencia a la estabilidad:<\/strong>&nbsp;Control de Estabilidad (VSA) con control de tracci\u00f3n.&nbsp;<\/li>\n\n\n\n<li>C\u00e1mara de reversa con tres \u00e1ngulos y pautas din\u00e1micas.&nbsp;<\/li>\n\n\n\n<li>Asistente de arranque en pendientes.&nbsp;<\/li>\n\n\n\n<li>Freno de estacionamiento el\u00e9ctrico con funci\u00f3n&nbsp;<a href=\"https:\/\/www.google.com\/search?sca_esv=e88d928ee76a2e23&amp;cs=0&amp;sxsrf=AE3TifMTN7eCPaegy6_nPMta3-dtprEYhQ:1761701019322&amp;q=autohold&amp;sa=X&amp;ved=2ahUKEwj-6Jnbn8iQAxXZRTABHQS_BJoQxccNegQIQhAB\">autohold<\/a>.&nbsp;<\/li>\n\n\n\n<li>Estructura de carrocer\u00eda de ingenier\u00eda de compatibilidad avanzada (ACE\u00ae).&nbsp;<\/li>\n<\/ul>\n\n\n\n<p class=\"has-theme-palette-3-color has-text-color has-link-color wp-elements-21d0c66099865f3948f6af1ef2918026\"><strong>Equipamiento<\/strong><\/p>\n\n\n\n<ul style=\"color:#6d6d6d\" class=\"wp-block-list has-text-color has-link-color wp-elements-6db7b4124b8d1c0568c17949d4009c10\">\n<li><strong>Iluminaci\u00f3n:<\/strong>&nbsp;Faros LED con encendido y apagado autom\u00e1tico y luces de marcha diurna LED.<\/li>\n\n\n\n<li><strong>Ruedas:<\/strong>&nbsp;Rines de aluminio de 17 pulgadas.<\/li>\n\n\n\n<li><strong>Retrovisores:<\/strong>&nbsp;El\u00e9ctricos y al color de la carrocer\u00eda.<\/li>\n\n\n\n<li><strong>Antena:<\/strong>&nbsp;Tipo aleta de tibur\u00f3n.<\/li>\n\n\n\n<li><strong>Sistema de infotenimiento:<\/strong>&nbsp;Pantalla t\u00e1ctil a color de 9 pulgadas.<\/li>\n\n\n\n<li><strong>Compatibilidad:<\/strong>&nbsp;Apple CarPlay y Android Auto inal\u00e1mbricos.<\/li>\n\n\n\n<li><strong>Panel de instrumentos:<\/strong>&nbsp;Pantalla a color de 7 pulgadas para la computadora de viaje.<\/li>\n\n\n\n<li><strong>Sonido:<\/strong>&nbsp;Ocho bocinas.<\/li>\n\n\n\n<li><strong>Conectividad:<\/strong>&nbsp;Dos puertos USB traseros.<\/li>\n\n\n\n<li><strong>Control de clima:<\/strong>&nbsp;Autom\u00e1tico de una sola zona.<\/li>\n\n\n\n<li><strong>Llave inteligente:<\/strong>&nbsp;Con encendido remoto y acceso sin llave.&nbsp;<\/li>\n<\/ul>\n<\/div>\n<\/div>\n\n\n\n<p><\/p>\n","protected":false},"excerpt":{"rendered":"<p>HONDA CIVIC STYLE 2022 PRECIO POR UNIDAD $180,000.00 MXN Transmisi\u00f3n, motor y tracci\u00f3n Seguridad Equipamiento<\/p>\n","protected":false},"author":1,"featured_media":0,"parent":0,"menu_order":0,"comment_status":"closed","ping_status":"closed","template":"","meta":{"ngg_post_thumbnail":0,"_kad_post_transparent":"","_kad_post_title":"","_kad_post_layout":"","_kad_post_sidebar_id":"","_kad_post_content_style":"","_kad_post_vertical_padding":"","_kad_post_feature":"","_kad_post_feature_position":"","_kad_post_header":false,"_kad_post_footer":false,"_kad_post_classname":"","footnotes":""},"class_list":["post-769","page","type-page","status-publish","hentry"],"_hostinger_reach_plugin_has_subscription_block":false,"_hostinger_reach_plugin_is_elementor":false,"_links":{"self":[{"href":"https:\/\/administraciontesoreria.com\/index.php\/wp-json\/wp\/v2\/pages\/769","targetHints":{"allow":["GET"]}}],"collection":[{"href":"https:\/\/administraciontesoreria.com\/index.php\/wp-json\/wp\/v2\/pages"}],"about":[{"href":"https:\/\/administraciontesoreria.com\/index.php\/wp-json\/wp\/v2\/types\/page"}],"author":[{"embeddable":true,"href":"https:\/\/administraciontesoreria.com\/index.php\/wp-json\/wp\/v2\/users\/1"}],"replies":[{"embeddable":true,"href":"https:\/\/administraciontesoreria.com\/index.php\/wp-json\/wp\/v2\/comments?post=769"}],"version-history":[{"count":4,"href":"https:\/\/administraciontesoreria.com\/index.php\/wp-json\/wp\/v2\/pages\/769\/revisions"}],"predecessor-version":[{"id":809,"href":"https:\/\/administraciontesoreria.com\/index.php\/wp-json\/wp\/v2\/pages\/769\/revisions\/809"}],"wp:attachment":[{"href":"https:\/\/administraciontesoreria.com\/index.php\/wp-json\/wp\/v2\/media?parent=769"}],"curies":[{"name":"wp","href":"https:\/\/api.w.org\/{rel}","templated":true}]}}