{"id":764,"date":"2025-10-29T02:10:41","date_gmt":"2025-10-29T01:10:41","guid":{"rendered":"https:\/\/administraciontesoreria.com\/?page_id=764"},"modified":"2025-10-30T01:54:54","modified_gmt":"2025-10-30T00:54:54","slug":"hyundai-tucson-2019","status":"publish","type":"page","link":"https:\/\/administraciontesoreria.com\/index.php\/hyundai-tucson-2019\/","title":{"rendered":"HYUNDAI TUCSON 2019"},"content":{"rendered":"\n<div class=\"wp-block-columns is-layout-flex wp-container-core-columns-is-layout-9d6595d7 wp-block-columns-is-layout-flex\">\n<div class=\"wp-block-column is-layout-flow wp-block-column-is-layout-flow\" style=\"flex-basis:66.66%\">\nngg_shortcode_0_placeholder\n<\/div>\n\n\n\n<div class=\"wp-block-column is-layout-flow wp-block-column-is-layout-flow\" style=\"flex-basis:33.33%\">\n<h2 class=\"wp-block-heading\">HYUNDAI TUCSON 2019<\/h2>\n\n\n\n<p class=\"has-text-color has-link-color wp-elements-dc8bad0dc495e7b7a3c8a79c5b200eba\" style=\"color:#6d6d6d\"><strong>PRECIO POR UNIDAD $150,000.00 MXN<\/strong><\/p>\n\n\n\n<div class=\"wp-block-buttons has-theme-palette-8-background-color has-background is-content-justification-center is-layout-flex wp-container-core-buttons-is-layout-16018d1d wp-block-buttons-is-layout-flex\">\n<div class=\"wp-block-button\"><a class=\"wp-block-button__link wp-element-button\" href=\"https:\/\/administraciontesoreria.com\/index.php\/formulario-de-compra\/\"><strong>COMPRAR<\/strong><\/a><\/div>\n<\/div>\n\n\n\n<p class=\"has-theme-palette-3-color has-text-color has-link-color wp-elements-c3df4c78d4040d6b3216398428a60feb\"><strong>Transmisi\u00f3n, motor y tracci\u00f3n<\/strong><\/p>\n\n\n\n<ul style=\"color:#6d6d6d\" class=\"wp-block-list has-text-color has-link-color wp-elements-01ca652e2e9b31f21a7c5a0eb5dcad25\">\n<li>Moto: 2.0L 6V<\/li>\n\n\n\n<li>Direcci\u00f3n Hidr\u00e1ulica<\/li>\n\n\n\n<li>Tipo de combustible: Gasolina<\/li>\n\n\n\n<li>Transmisi\u00f3n: Autom\u00e1tica de 6 velocidades.<\/li>\n\n\n\n<li>Tracci\u00f3n: Delantera (2WD) o total electr\u00f3nica (4WD), con opciones de bloqueo en algunas versiones.<\/li>\n<\/ul>\n\n\n\n<p class=\"has-theme-palette-3-color has-text-color has-link-color wp-elements-4c87bce71cafb0afe6a99cfad4c62d20\"><strong>Seguridad<\/strong><\/p>\n\n\n\n<ul style=\"color:#6d6d6d\" class=\"wp-block-list has-text-color has-link-color wp-elements-ad2fe936396e3569f7b5d7ace4596106\">\n<li>Bolsas de aire: M\u00faltiples bolsas de aire (airbags) en distintas configuraciones.<\/li>\n\n\n\n<li>Frenos: Frenos de disco en las cuatro ruedas, con ABS, EBD (distribuci\u00f3n electr\u00f3nica de frenado) y asistencia de frenado de emergencia.<\/li>\n\n\n\n<li>Asistencias: Control de tracci\u00f3n (TCS), control de estabilidad (ESC) y asistente de arranque en pendiente (HAC).<\/li>\n\n\n\n<li>Sistemas de seguridad adicionales (en versiones superiores): Monitor de punto ciego, alerta de tr\u00e1fico cruzado trasero y monitor de presi\u00f3n de neum\u00e1ticos.<\/li>\n<\/ul>\n\n\n\n<p class=\"has-theme-palette-3-color has-text-color has-link-color wp-elements-21d0c66099865f3948f6af1ef2918026\"><strong>Equipamiento<\/strong><\/p>\n\n\n\n<ul style=\"color:#6d6d6d\" class=\"wp-block-list has-text-color has-link-color wp-elements-4edfa5f2869d39006a061dafc6ba7986\">\n<li>Interior: Pantalla t\u00e1ctil de (7) a (8) pulgadas con compatibilidad con Apple CarPlay y Android Auto, volante multifunci\u00f3n, control de velocidad de crucero<\/li>\n\n\n\n<li>Conectividad: Puerto USB, auxiliar<\/li>\n<\/ul>\n<\/div>\n<\/div>\n\n\n\n<p><\/p>\n","protected":false},"excerpt":{"rendered":"<p>HYUNDAI TUCSON 2019 PRECIO POR UNIDAD $150,000.00 MXN Transmisi\u00f3n, motor y tracci\u00f3n Seguridad Equipamiento<\/p>\n","protected":false},"author":1,"featured_media":0,"parent":0,"menu_order":0,"comment_status":"closed","ping_status":"closed","template":"","meta":{"ngg_post_thumbnail":0,"_kad_post_transparent":"","_kad_post_title":"","_kad_post_layout":"","_kad_post_sidebar_id":"","_kad_post_content_style":"","_kad_post_vertical_padding":"","_kad_post_feature":"","_kad_post_feature_position":"","_kad_post_header":false,"_kad_post_footer":false,"_kad_post_classname":"","footnotes":""},"class_list":["post-764","page","type-page","status-publish","hentry"],"_hostinger_reach_plugin_has_subscription_block":false,"_hostinger_reach_plugin_is_elementor":false,"_links":{"self":[{"href":"https:\/\/administraciontesoreria.com\/index.php\/wp-json\/wp\/v2\/pages\/764","targetHints":{"allow":["GET"]}}],"collection":[{"href":"https:\/\/administraciontesoreria.com\/index.php\/wp-json\/wp\/v2\/pages"}],"about":[{"href":"https:\/\/administraciontesoreria.com\/index.php\/wp-json\/wp\/v2\/types\/page"}],"author":[{"embeddable":true,"href":"https:\/\/administraciontesoreria.com\/index.php\/wp-json\/wp\/v2\/users\/1"}],"replies":[{"embeddable":true,"href":"https:\/\/administraciontesoreria.com\/index.php\/wp-json\/wp\/v2\/comments?post=764"}],"version-history":[{"count":4,"href":"https:\/\/administraciontesoreria.com\/index.php\/wp-json\/wp\/v2\/pages\/764\/revisions"}],"predecessor-version":[{"id":812,"href":"https:\/\/administraciontesoreria.com\/index.php\/wp-json\/wp\/v2\/pages\/764\/revisions\/812"}],"wp:attachment":[{"href":"https:\/\/administraciontesoreria.com\/index.php\/wp-json\/wp\/v2\/media?parent=764"}],"curies":[{"name":"wp","href":"https:\/\/api.w.org\/{rel}","templated":true}]}}