{"id":21,"date":"2024-03-19T17:14:44","date_gmt":"2024-03-19T16:14:44","guid":{"rendered":"https:\/\/administraciontesoreria.com\/?page_id=21"},"modified":"2026-03-20T00:06:19","modified_gmt":"2026-03-19T23:06:19","slug":"contacto","status":"publish","type":"page","link":"https:\/\/administraciontesoreria.com\/index.php\/contacto\/","title":{"rendered":"Contacto"},"content":{"rendered":"\n<div class=\"wp-block-columns is-layout-flex wp-container-core-columns-is-layout-9d6595d7 wp-block-columns-is-layout-flex\">\n<div class=\"wp-block-column is-layout-flow wp-block-column-is-layout-flow\"><div class=\"wp-block-image wp-duotone-rgb1843333-rgb149143143-1\">\n<figure class=\"alignleft size-full is-resized\"><img loading=\"lazy\" decoding=\"async\" width=\"534\" height=\"535\" src=\"https:\/\/administraciontesoreria.com\/wp-content\/uploads\/2025\/10\/Ejecutivo-de-Atencion-Personalizada.webp\" alt=\"\" class=\"wp-image-576\" style=\"width:90px;height:auto\" srcset=\"https:\/\/administraciontesoreria.com\/wp-content\/uploads\/2025\/10\/Ejecutivo-de-Atencion-Personalizada.webp 534w, https:\/\/administraciontesoreria.com\/wp-content\/uploads\/2025\/10\/Ejecutivo-de-Atencion-Personalizada-300x300.webp 300w, https:\/\/administraciontesoreria.com\/wp-content\/uploads\/2025\/10\/Ejecutivo-de-Atencion-Personalizada-150x150.webp 150w\" sizes=\"auto, (max-width: 534px) 100vw, 534px\" \/><\/figure><\/div>\n\n\n<p class=\"has-text-color has-link-color wp-elements-73cb7a0ca58af3761fcc14de4b6f931e\" style=\"color:#626262\"><strong><strong _msttexthash=\"3699683\" _msthash=\"980\"><strong><strong>800 512 9996<\/strong><\/strong><\/strong><\/strong><\/p>\n\n\n\n<p class=\"has-text-color has-link-color wp-elements-0437dcbfdc9ddafb3f37dc04fc9dce6d\" style=\"color:#626262\"><strong>Av. Constituyentes 1001, Bel\u00e9n de las Flores, \u00c1lvaro Obreg\u00f3n, 01110, Ciudad de mexico<\/strong><\/p>\n\n\n\n<h2 class=\"wp-block-heading\">horario <\/h2>\n\n\n\n<p class=\"has-text-color has-link-color wp-elements-86f8234dd576571f5f0f77d6aada1236\" style=\"color:#626262\"><strong>Lunes &#8211; viernes<\/strong><\/p>\n\n\n\n<p class=\"has-text-color has-link-color wp-elements-4ff6c80ba22d25e17e2c2a372c00b8a1\" style=\"color:#626262\"><strong>09:00 &#8211; 18:00 horas<\/strong> <\/p>\n<\/div>\n\n\n\n<div class=\"wp-block-column is-layout-flow wp-block-column-is-layout-flow\"><div class=\"forminator-ui forminator-custom-form forminator-custom-form-1001 forminator-design--material  forminator_ajax\" data-forminator-render=\"0\" data-form=\"forminator-module-1001\" data-uid=\"69e27778c91d3\"><br\/><\/div><form\n\t\t\t\tid=\"forminator-module-1001\"\n\t\t\t\tclass=\"forminator-ui forminator-custom-form forminator-custom-form-1001 forminator-design--material  forminator_ajax\"\n\t\t\t\tmethod=\"post\"\n\t\t\t\tdata-forminator-render=\"0\"\n\t\t\t\tdata-form-id=\"1001\"\n\t\t\t\t data-color-option=\"theme\" data-design=\"material\" data-grid=\"open\" style=\"display: none;\"\n\t\t\t\tdata-uid=\"69e27778c91d3\"\n\t\t\t><div role=\"alert\" aria-live=\"polite\" class=\"forminator-response-message forminator-error\" aria-hidden=\"true\"><\/div><div class=\"forminator-row\"><div id=\"name-1\" class=\"forminator-field-name forminator-col forminator-col-12 \"><div class=\"forminator-field\"><label for=\"forminator-field-name-1_69e27778c91d3\" id=\"forminator-field-name-1_69e27778c91d3-label\" class=\"forminator-label\">Nombre completo <span class=\"forminator-required\">*<\/span><\/label><input type=\"text\" name=\"name-1\" value=\"\" placeholder=\"\" id=\"forminator-field-name-1_69e27778c91d3\" class=\"forminator-input forminator-name--field\" aria-required=\"true\" autocomplete=\"name\" \/><\/div><\/div><\/div><div class=\"forminator-row\"><div id=\"email-1\" class=\"forminator-field-email forminator-col forminator-col-12 \"><div class=\"forminator-field\"><label for=\"forminator-field-email-1_69e27778c91d3\" id=\"forminator-field-email-1_69e27778c91d3-label\" class=\"forminator-label\">Correo electronico <span class=\"forminator-required\">*<\/span><\/label><input type=\"email\" name=\"email-1\" value=\"\" placeholder=\"\" id=\"forminator-field-email-1_69e27778c91d3\" class=\"forminator-input forminator-email--field\" data-required=\"true\" aria-required=\"true\" autocomplete=\"email\" \/><\/div><\/div><\/div><div class=\"forminator-row\"><div id=\"phone-1\" class=\"forminator-field-phone forminator-col forminator-col-12 \"><div class=\"forminator-field\"><label for=\"forminator-field-phone-1_69e27778c91d3\" id=\"forminator-field-phone-1_69e27778c91d3-label\" class=\"forminator-label\">Numero de telefono <span class=\"forminator-required\">*<\/span><\/label><input type=\"text\" name=\"phone-1\" value=\"\" placeholder=\"\" id=\"forminator-field-phone-1_69e27778c91d3\" class=\"forminator-input forminator-field--phone\" data-required=\"1\" aria-required=\"true\" autocomplete=\"off\" \/><\/div><\/div><\/div><div class=\"forminator-row\"><div id=\"textarea-1\" class=\"forminator-field-textarea forminator-col forminator-col-12 \"><div class=\"forminator-field\"><label for=\"forminator-field-textarea-1_69e27778c91d3\" id=\"forminator-field-textarea-1_69e27778c91d3-label\" class=\"forminator-label\">Mensaje<\/label><span id=\"forminator-field-textarea-1_69e27778c91d3-description\" class=\"forminator-description\"><span data-limit=\"180\" data-type=\"characters\" data-editor=\"\">0 \/ 180<\/span><\/span><textarea name=\"textarea-1\" placeholder=\"\" id=\"forminator-field-textarea-1_69e27778c91d3\" class=\"forminator-textarea\" rows=\"6\" style=\"min-height:140px;\" maxlength=\"180\" ><\/textarea><\/div><\/div><\/div><input type=\"hidden\" name=\"referer_url\" value=\"\" \/><div class=\"forminator-row forminator-row-last\"><div class=\"forminator-col\"><div class=\"forminator-field\"><button class=\"forminator-button forminator-button-submit\"><span>Enviar<\/span><span aria-hidden=\"true\"><\/span><\/button><\/div><\/div><\/div><input type=\"hidden\" id=\"forminator_nonce\" name=\"forminator_nonce\" value=\"0b6a5a7086\" \/><input type=\"hidden\" name=\"_wp_http_referer\" value=\"\/index.php\/wp-json\/wp\/v2\/pages\/21\" \/><input type=\"hidden\" name=\"form_id\" value=\"1001\"><input type=\"hidden\" name=\"page_id\" value=\"21\"><input type=\"hidden\" name=\"form_type\" value=\"default\"><input type=\"hidden\" name=\"current_url\" value=\"https:\/\/administraciontesoreria.com\/index.php\/contacto\/\"><input type=\"hidden\" name=\"render_id\" value=\"0\"><input type=\"hidden\" name=\"action\" value=\"forminator_submit_form_custom-forms\"><\/form>\n<\/div>\n<\/div>\n","protected":false},"excerpt":{"rendered":"<p>800 512 9996 Av. Constituyentes 1001, Bel\u00e9n de las Flores, \u00c1lvaro Obreg\u00f3n, 01110, Ciudad de mexico horario Lunes &#8211; viernes 09:00 &#8211; 18:00 horas<\/p>\n","protected":false},"author":1,"featured_media":0,"parent":0,"menu_order":0,"comment_status":"closed","ping_status":"closed","template":"","meta":{"ngg_post_thumbnail":0,"_kad_post_transparent":"","_kad_post_title":"","_kad_post_layout":"","_kad_post_sidebar_id":"","_kad_post_content_style":"","_kad_post_vertical_padding":"","_kad_post_feature":"","_kad_post_feature_position":"","_kad_post_header":false,"_kad_post_footer":false,"_kad_post_classname":"","footnotes":""},"class_list":["post-21","page","type-page","status-publish","hentry"],"_hostinger_reach_plugin_has_subscription_block":false,"_hostinger_reach_plugin_is_elementor":false,"_links":{"self":[{"href":"https:\/\/administraciontesoreria.com\/index.php\/wp-json\/wp\/v2\/pages\/21","targetHints":{"allow":["GET"]}}],"collection":[{"href":"https:\/\/administraciontesoreria.com\/index.php\/wp-json\/wp\/v2\/pages"}],"about":[{"href":"https:\/\/administraciontesoreria.com\/index.php\/wp-json\/wp\/v2\/types\/page"}],"author":[{"embeddable":true,"href":"https:\/\/administraciontesoreria.com\/index.php\/wp-json\/wp\/v2\/users\/1"}],"replies":[{"embeddable":true,"href":"https:\/\/administraciontesoreria.com\/index.php\/wp-json\/wp\/v2\/comments?post=21"}],"version-history":[{"count":14,"href":"https:\/\/administraciontesoreria.com\/index.php\/wp-json\/wp\/v2\/pages\/21\/revisions"}],"predecessor-version":[{"id":1003,"href":"https:\/\/administraciontesoreria.com\/index.php\/wp-json\/wp\/v2\/pages\/21\/revisions\/1003"}],"wp:attachment":[{"href":"https:\/\/administraciontesoreria.com\/index.php\/wp-json\/wp\/v2\/media?parent=21"}],"curies":[{"name":"wp","href":"https:\/\/api.w.org\/{rel}","templated":true}]}}