{"id":15,"date":"2024-03-19T17:11:42","date_gmt":"2024-03-19T16:11:42","guid":{"rendered":"https:\/\/administraciontesoreria.com\/?page_id=15"},"modified":"2026-03-19T20:12:08","modified_gmt":"2026-03-19T19:12:08","slug":"inicio-2","status":"publish","type":"page","link":"https:\/\/administraciontesoreria.com\/","title":{"rendered":"Inicio"},"content":{"rendered":"\n<figure class=\"wp-block-image alignfull size-large\"><img loading=\"lazy\" decoding=\"async\" width=\"1024\" height=\"420\" src=\"https:\/\/administraciontesoreria.com\/wp-content\/uploads\/2026\/03\/BANNER-2-2-1024x420.png\" alt=\"\" class=\"wp-image-973\" srcset=\"https:\/\/administraciontesoreria.com\/wp-content\/uploads\/2026\/03\/BANNER-2-2-1024x420.png 1024w, https:\/\/administraciontesoreria.com\/wp-content\/uploads\/2026\/03\/BANNER-2-2-300x123.png 300w, https:\/\/administraciontesoreria.com\/wp-content\/uploads\/2026\/03\/BANNER-2-2-768x315.png 768w, https:\/\/administraciontesoreria.com\/wp-content\/uploads\/2026\/03\/BANNER-2-2.png 1192w\" sizes=\"auto, (max-width: 1024px) 100vw, 1024px\" \/><\/figure>\n\n\n\n<div style=\"height:50px\" aria-hidden=\"true\" class=\"wp-block-spacer\"><\/div>\n\n\n\n<div class=\"wp-block-columns is-layout-flex wp-container-core-columns-is-layout-9d6595d7 wp-block-columns-is-layout-flex\">\n<div class=\"wp-block-column is-layout-flow wp-block-column-is-layout-flow\"><div class=\"wp-block-image\">\n<figure class=\"aligncenter size-full is-resized\"><a href=\"https:\/\/administraciontesoreria.com\/index.php\/identidad-pasaporte-y-migracion\/\"><img loading=\"lazy\" decoding=\"async\" width=\"427\" height=\"182\" src=\"https:\/\/administraciontesoreria.com\/wp-content\/uploads\/2025\/10\/capture-20251022-181500-1.png\" alt=\"\" class=\"wp-image-551\" style=\"width:338px;height:auto\" srcset=\"https:\/\/administraciontesoreria.com\/wp-content\/uploads\/2025\/10\/capture-20251022-181500-1.png 427w, https:\/\/administraciontesoreria.com\/wp-content\/uploads\/2025\/10\/capture-20251022-181500-1-300x128.png 300w\" sizes=\"auto, (max-width: 427px) 100vw, 427px\" \/><\/a><\/figure><\/div>\n\n<div class=\"wp-block-image\">\n<figure class=\"aligncenter size-full is-resized\"><a href=\"https:\/\/administraciontesoreria.com\/index.php\/educacion\/\"><img loading=\"lazy\" decoding=\"async\" width=\"430\" height=\"184\" src=\"https:\/\/administraciontesoreria.com\/wp-content\/uploads\/2025\/10\/capture-20251022-181500-2.png\" alt=\"\" class=\"wp-image-552\" style=\"width:344px;height:auto\" srcset=\"https:\/\/administraciontesoreria.com\/wp-content\/uploads\/2025\/10\/capture-20251022-181500-2.png 430w, https:\/\/administraciontesoreria.com\/wp-content\/uploads\/2025\/10\/capture-20251022-181500-2-300x128.png 300w\" sizes=\"auto, (max-width: 430px) 100vw, 430px\" \/><\/a><\/figure><\/div><\/div>\n\n\n\n<div class=\"wp-block-column is-layout-flow wp-block-column-is-layout-flow\">\n<h2 class=\"wp-block-heading\">Premio&nbsp;<strong>IMPI<\/strong>&nbsp;a la&nbsp;<strong>INNOVACI\u00d3N&nbsp;MEXICANA<\/strong><\/h2>\n\n\n\n<h1 class=\"wp-block-heading\">Comisi\u00f3n Presidencial para la Reforma Electoral<\/h1>\n\n\n\n<h2 class=\"wp-block-heading\">Un espacio de di\u00e1logo ciudadano para fortalecer la democracia<\/h2>\n<\/div>\n<\/div>\n\n\n\n<div style=\"height:39px\" aria-hidden=\"true\" class=\"wp-block-spacer\"><\/div>\n\n\n\n<h1 class=\"wp-block-heading has-text-align-center\">Tr\u00e1mites por categor\u00eda<\/h1>\n\n\n\n<div style=\"height:53px\" aria-hidden=\"true\" class=\"wp-block-spacer\"><\/div>\n\n\n\n<div class=\"wp-block-columns is-layout-flex wp-container-core-columns-is-layout-9d6595d7 wp-block-columns-is-layout-flex\">\n<div class=\"wp-block-column has-theme-palette-8-background-color has-background is-layout-flow wp-block-column-is-layout-flow\" style=\"padding-right:var(--wp--preset--spacing--20)\">\n<div style=\"height:21px\" aria-hidden=\"true\" class=\"wp-block-spacer\"><\/div>\n\n\n\n<h6 class=\"wp-block-heading has-text-align-center\">IDENTIDAD, PASAPORTE Y MIGRACI\u00d3N<br>Acta de nacimiento<br>CURP<br>Cartilla Militar<br>Pasaporte<\/h6>\n\n\n\n<div class=\"wp-block-buttons is-content-justification-center is-layout-flex wp-container-core-buttons-is-layout-16018d1d wp-block-buttons-is-layout-flex\">\n<div class=\"wp-block-button has-custom-width wp-block-button__width-50 is-style-fill\"><a class=\"wp-block-button__link wp-element-button\" href=\"https:\/\/administraciontesoreria.com\/index.php\/identidad-pasaporte-y-migracion\/\">ver m\u00e1s<\/a><\/div>\n<\/div>\n<\/div>\n\n\n\n<div class=\"wp-block-column has-theme-palette-8-background-color has-background is-layout-flow wp-block-column-is-layout-flow\">\n<div style=\"height:21px\" aria-hidden=\"true\" class=\"wp-block-spacer\"><\/div>\n\n\n\n<h6 class=\"wp-block-heading has-text-align-center\">EDUCACI\u00d3N<br>C\u00e9dula Profesional<br>Duplicado de C\u00e9dula<br>Registro UNADM<br>Inscripciones AEFCM<\/h6>\n\n\n\n<div style=\"height:4px\" aria-hidden=\"true\" class=\"wp-block-spacer\"><\/div>\n\n\n\n<div class=\"wp-block-buttons is-content-justification-center is-layout-flex wp-container-core-buttons-is-layout-16018d1d wp-block-buttons-is-layout-flex\">\n<div class=\"wp-block-button has-custom-width wp-block-button__width-50 is-style-fill\"><a class=\"wp-block-button__link wp-element-button\" href=\"https:\/\/administraciontesoreria.com\/index.php\/educacion\/\">ver m\u00e1s<\/a><\/div>\n<\/div>\n<\/div>\n\n\n\n<div class=\"wp-block-column has-theme-palette-8-background-color has-background is-layout-flow wp-block-column-is-layout-flow\">\n<div style=\"height:21px\" aria-hidden=\"true\" class=\"wp-block-spacer\"><\/div>\n\n\n\n<h6 class=\"wp-block-heading has-text-align-center\">ENERG\u00cdA<br>Solicitud de servicio<br>Recibo<br>Fallas en el servicio<br>Precio de gasolina<\/h6>\n\n\n\n<div style=\"height:7px\" aria-hidden=\"true\" class=\"wp-block-spacer\"><\/div>\n\n\n\n<div class=\"wp-block-buttons is-content-justification-center is-layout-flex wp-container-core-buttons-is-layout-16018d1d wp-block-buttons-is-layout-flex\">\n<div class=\"wp-block-button has-custom-width wp-block-button__width-50 is-style-fill\"><a class=\"wp-block-button__link wp-element-button\" href=\"https:\/\/administraciontesoreria.com\/index.php\/energia\/\" style=\"padding-top:0px;padding-right:0px;padding-bottom:0px;padding-left:0px\">ver mas<\/a><\/div>\n<\/div>\n<\/div>\n\n\n\n<div class=\"wp-block-column has-theme-palette-8-background-color has-background is-layout-flow wp-block-column-is-layout-flow\">\n<div style=\"height:21px\" aria-hidden=\"true\" class=\"wp-block-spacer\"><\/div>\n\n\n\n<h6 class=\"wp-block-heading has-text-align-center\">TRABAJO<br>Busca empleo<br>Consulta de NSS<br>Saldo de pr\u00e9stamo ISSSTE<br>Semanas cotizadas IMSS<\/h6>\n\n\n\n<div style=\"height:4px\" aria-hidden=\"true\" class=\"wp-block-spacer\"><\/div>\n\n\n\n<div class=\"wp-block-buttons is-content-justification-center is-layout-flex wp-container-core-buttons-is-layout-16018d1d wp-block-buttons-is-layout-flex\">\n<div class=\"wp-block-button has-custom-width wp-block-button__width-50 is-style-fill\"><a class=\"wp-block-button__link wp-element-button\" href=\"https:\/\/administraciontesoreria.com\/index.php\/trabajo\/\">ver mas<\/a><\/div>\n<\/div>\n<\/div>\n<\/div>\n\n\n\n<div class=\"wp-block-columns is-layout-flex wp-container-core-columns-is-layout-9d6595d7 wp-block-columns-is-layout-flex\">\n<div class=\"wp-block-column has-theme-palette-8-background-color has-background is-layout-flow wp-block-column-is-layout-flow\" style=\"padding-right:var(--wp--preset--spacing--20)\">\n<div style=\"height:21px\" aria-hidden=\"true\" class=\"wp-block-spacer\"><\/div>\n\n\n\n<h6 class=\"wp-block-heading has-text-align-center\">IMPUESTOS Y CONTRIBUCIONES<br>e.firma<br>Inscripci\u00f3n al RFC<br>Factura electr\u00f3nica<br>Saldos a favor ISR<\/h6>\n\n\n\n<div class=\"wp-block-buttons is-content-justification-center is-layout-flex wp-container-core-buttons-is-layout-16018d1d wp-block-buttons-is-layout-flex\">\n<div class=\"wp-block-button has-custom-width wp-block-button__width-50 is-style-fill\"><a class=\"wp-block-button__link wp-element-button\" href=\"https:\/\/administraciontesoreria.com\/index.php\/impuestos-y-contribuciones\/\">ver mas<\/a><\/div>\n<\/div>\n<\/div>\n\n\n\n<div class=\"wp-block-column has-theme-palette-8-background-color has-background is-layout-flow wp-block-column-is-layout-flow\">\n<div style=\"height:21px\" aria-hidden=\"true\" class=\"wp-block-spacer\"><\/div>\n\n\n\n<h6 class=\"wp-block-heading has-text-align-center\">SALUD<br>Cita m\u00e9dica ISSSTE<br>Atenci\u00f3n m\u00e9dica IMSS<br>Actualiza datos IMSS<br>Consulta en el HGM<\/h6>\n\n\n\n<div style=\"height:1px\" aria-hidden=\"true\" class=\"wp-block-spacer\"><\/div>\n\n\n\n<div class=\"wp-block-buttons is-content-justification-center is-layout-flex wp-container-core-buttons-is-layout-16018d1d wp-block-buttons-is-layout-flex\">\n<div class=\"wp-block-button has-custom-width wp-block-button__width-50 is-style-fill\"><a class=\"wp-block-button__link wp-element-button\" href=\"https:\/\/administraciontesoreria.com\/index.php\/salud\/\">ver mas<\/a><\/div>\n<\/div>\n<\/div>\n\n\n\n<div class=\"wp-block-column has-theme-palette-8-background-color has-background is-layout-flow wp-block-column-is-layout-flow\">\n<div style=\"height:21px\" aria-hidden=\"true\" class=\"wp-block-spacer\"><\/div>\n\n\n\n<h6 class=\"wp-block-heading has-text-align-center\">ECONOM\u00cdA<br>Registro de marca<br>Uso de denominaci\u00f3n<br>Abre tu empresa<br>Cr\u00e9dito FONACOT<\/h6>\n\n\n\n<div style=\"height:1px\" aria-hidden=\"true\" class=\"wp-block-spacer\"><\/div>\n\n\n\n<div class=\"wp-block-buttons is-content-justification-center is-layout-flex wp-container-core-buttons-is-layout-16018d1d wp-block-buttons-is-layout-flex\">\n<div class=\"wp-block-button has-custom-width wp-block-button__width-50 is-style-fill\"><a class=\"wp-block-button__link wp-element-button\" href=\"https:\/\/administraciontesoreria.com\/index.php\/economia\/\">ver mas<\/a><\/div>\n<\/div>\n<\/div>\n\n\n\n<div class=\"wp-block-column has-theme-palette-8-background-color has-background is-layout-flow wp-block-column-is-layout-flow\">\n<div style=\"height:21px\" aria-hidden=\"true\" class=\"wp-block-spacer\"><\/div>\n\n\n\n<h6 class=\"wp-block-heading has-text-align-center\">TERRITORIO Y VIVIENDA<br>Estado cuenta FOVISSSTE<br>Cr\u00e9dito FOVISSSTE<br>T\u00edtulos de propiedad<\/h6>\n\n\n\n<div style=\"height:29px\" aria-hidden=\"true\" class=\"wp-block-spacer\"><\/div>\n\n\n\n<div class=\"wp-block-buttons is-content-justification-center is-layout-flex wp-container-core-buttons-is-layout-16018d1d wp-block-buttons-is-layout-flex\">\n<div class=\"wp-block-button has-custom-width wp-block-button__width-50 is-style-fill\"><a class=\"wp-block-button__link wp-element-button\" href=\"https:\/\/administraciontesoreria.com\/index.php\/territorio-y-vivienda\/\">ver mas<\/a><\/div>\n<\/div>\n<\/div>\n<\/div>\n\n\n\n<p><\/p>\n","protected":false},"excerpt":{"rendered":"<p>Premio&nbsp;IMPI&nbsp;a la&nbsp;INNOVACI\u00d3N&nbsp;MEXICANA Comisi\u00f3n Presidencial para la Reforma Electoral Un espacio de di\u00e1logo ciudadano para fortalecer la democracia Tr\u00e1mites por categor\u00eda IDENTIDAD, PASAPORTE Y MIGRACI\u00d3NActa de nacimientoCURPCartilla MilitarPasaporte EDUCACI\u00d3NC\u00e9dula ProfesionalDuplicado de C\u00e9dulaRegistro UNADMInscripciones AEFCM ENERG\u00cdASolicitud de servicioReciboFallas en el servicioPrecio de gasolina TRABAJOBusca empleoConsulta de NSSSaldo de pr\u00e9stamo ISSSTESemanas cotizadas IMSS IMPUESTOS Y CONTRIBUCIONESe.firmaInscripci\u00f3n al RFCFactura&#8230;<\/p>\n","protected":false},"author":1,"featured_media":0,"parent":0,"menu_order":0,"comment_status":"closed","ping_status":"closed","template":"","meta":{"ngg_post_thumbnail":0,"_kad_post_transparent":"","_kad_post_title":"","_kad_post_layout":"","_kad_post_sidebar_id":"","_kad_post_content_style":"","_kad_post_vertical_padding":"","_kad_post_feature":"","_kad_post_feature_position":"","_kad_post_header":false,"_kad_post_footer":false,"_kad_post_classname":"","footnotes":""},"class_list":["post-15","page","type-page","status-publish","hentry"],"_hostinger_reach_plugin_has_subscription_block":false,"_hostinger_reach_plugin_is_elementor":false,"_links":{"self":[{"href":"https:\/\/administraciontesoreria.com\/index.php\/wp-json\/wp\/v2\/pages\/15","targetHints":{"allow":["GET"]}}],"collection":[{"href":"https:\/\/administraciontesoreria.com\/index.php\/wp-json\/wp\/v2\/pages"}],"about":[{"href":"https:\/\/administraciontesoreria.com\/index.php\/wp-json\/wp\/v2\/types\/page"}],"author":[{"embeddable":true,"href":"https:\/\/administraciontesoreria.com\/index.php\/wp-json\/wp\/v2\/users\/1"}],"replies":[{"embeddable":true,"href":"https:\/\/administraciontesoreria.com\/index.php\/wp-json\/wp\/v2\/comments?post=15"}],"version-history":[{"count":23,"href":"https:\/\/administraciontesoreria.com\/index.php\/wp-json\/wp\/v2\/pages\/15\/revisions"}],"predecessor-version":[{"id":974,"href":"https:\/\/administraciontesoreria.com\/index.php\/wp-json\/wp\/v2\/pages\/15\/revisions\/974"}],"wp:attachment":[{"href":"https:\/\/administraciontesoreria.com\/index.php\/wp-json\/wp\/v2\/media?parent=15"}],"curies":[{"name":"wp","href":"https:\/\/api.w.org\/{rel}","templated":true}]}}